et u be x(4). Calculate the greatest common factor of u and 26.
13
Let a(y) = 3*y**2 - 7*y + 4. Let o be a(4). Let t be -3 - (0/(4 - 3) + -27). Calculate the highest common divisor of t and o.
24
Let c be (-15)/(-10)*44/6. Let b = c - 4. What is the highest common factor of 35 and b?
7
Let p = 23 + 5. Let h = p - 18. Let g(v) = v**2 + 3*v - 2. Let a be g(-4). Calculate the greatest common divisor of a and h.
2
Let g = 69 - 66. What is the greatest common divisor of 21 and g?
3
Let u(i) = i**2 - 13*i + 28. Let h be u(12). Calculate the highest common factor of 16 and h.
16
Let c(t) = -t**2 - 12*t - 1. Let r be c(-11). Suppose 0 = -7*y + 2*y + 100. What is the highest common factor of r and y?
10
Let z(q) be the third derivative of 19*q**4/24 + q**3 + 2*q**2. Let j be z(8). Let w be 1/2 + j/4. What is the highest common factor of w and 8?
8
Suppose 2*y = -0*f - 4*f + 190, 2*f - 80 = -4*y. Calculate the highest common divisor of f and 125.
25
Let o = 13 - 21. Let h = -3 - o. Let w = -17 - -18. Calculate the greatest common divisor of w and h.
1
Let q = -1080 - -1096. Suppose -2*r = -4*r + 128. Suppose -p + r = p. What is the greatest common divisor of q and p?
16
Let c(i) = -i**3 - 6*i**2 + 2*i + 6. Let q be c(-6). Let t = q + 8. Suppose 14 = t*k + d, -2*d = -k + 2*d - 11. What is the greatest common factor of 35 and k?
5
Let f(h) be the third derivative of 0 + 0*h - 1/60*h**5 + 17/6*h**3 + 2*h**2 - 1/24*h**4. Let b be f(0). Calculate the highest common divisor of 68 and b.
17
Suppose -n - 5*j = -2, -7*n + 3*n = 3*j + 9. Let r = n - -11. Let i be (-60)/50*40/(-6). What is the greatest common divisor of i and r?
8
Let n(p) = 19*p**2 + 3*p. Let g(z) = z**3 - z**2. Let f be g(-1). Let t be n(f). Calculate the greatest common factor of t and 14.
14
Let c(f) be the third derivative of -f**5/60 + 7*f**4/24 - f**3/6 + 3*f**2. Let k be c(6). Suppose 2 = h - k. What is the highest common factor of 63 and h?
7
Let k = -67 - -73. Calculate the highest common divisor of 18 and k.
6
Let w = 43 - 26. Suppose 4*f - 3*f - w = 0. Calculate the highest common divisor of f and 85.
17
Let i be -3*(3 + -2) + -2. Let t be 0 - (-5)/(i/(-18)). What is the greatest common factor of t and 198?
18
Let n be ((-2)/(-5))/(7/910). Calculate the highest common factor of 78 and n.
26
Let z(b) = b**2 + 4*b - 10. Suppose 5 = 2*g - g. Let j be z(g). Calculate the highest common factor of 5 and j.
5
Suppose 4*w - 27 = 21. Calculate the highest common divisor of 4 and w.
4
Let h(s) = -s**2 + 12*s - 5. Let q be h(11). Let v be ((-132)/9)/((-2)/q). Let l = -3 - -7. Calculate the highest common factor of l and v.
4
Suppose 6*x - 138 = 3*x - 2*c, 0 = 5*x - c - 243. Calculate the greatest common factor of 6 and x.
6
Let q be (-8)/(-20) + 42/(-5). Let t be 6/(-4)*q/6. Suppose -b + 41 = r, t*b + r = -2*b + 173. Calculate the greatest common divisor of b and 4.
4
Let k = 153 - 97. Calculate the greatest common divisor of 14 and k.
14
Let t be (-2)/(-4)*0/1. Suppose -h + 9 = 2*w + 2*h, t = 4*w - 2*h - 42. What is the greatest common divisor of 72 and w?
9
Let b be (-1)/(-1 + 40/42). Let f = 4 - 7. Let d be 63/(-6)*4/f. Calculate the greatest common factor of d and b.
7
Let v = 19 - 6. Suppose 13 = 4*x - 3*x. What is the greatest common divisor of x and v?
13
Let j(k) be the third derivative of -k**5/60 + k**4/3 - k**3/3 + 4*k**2. Let n be j(5). Suppose 33 = q - 32. What is the highest common factor of q and n?
13
Let i be -3 + 3 + 1 + 2. Suppose -4*y = -2*c - 70 - 204, i*y - 4*c = 218. What is the highest common factor of 44 and y?
22
Suppose 0*z = z - 2*h - 17, -4*z + 2*h = -68. What is the highest common factor of z and 187?
17
Let n = 49 + -33. Let m = n - -8. Suppose -2*y + m + 64 = 0. What is the greatest common factor of 4 and y?
4
Suppose -2*s + 56 = 2*b, 0 = -5*s - 4*b + 82 + 61. What is the highest common factor of 31 and s?
31
Suppose 7*z - 5*z = 418. Calculate the highest common factor of z and 19.
19
Let m = 14 + 41. Calculate the greatest common divisor of 11 and m.
11
Suppose 5*n - 2*n - 15 = 0. Let k(h) = -h**3 + 7*h**2 - 5*h - 6. Let l be k(6). Suppose l = n*p - 3*p - 66. What is the highest common divisor of p and 11?
11
Let i = -11 + 46. Calculate the greatest common factor of i and 35.
35
Let y be (3/((-3)/(-3)))/1. Suppose 5*f = -c + 9, 19 = c - y*f - 14. What is the greatest common factor of c and 16?
8
Suppose -57*d + 53*d + 16 = 0. Suppose -2*x + 12 = 4*h, 70 = 5*x - 0*h + 2*h. Calculate the highest common factor of d and x.
4
Suppose 0*t - 3*t = -2*l - 48, -16 = -2*t - 4*l. Calculate the greatest common divisor of 98 and t.
14
Let a be 4 - 5 - (-1 + -17). Let x = -7 + 13. Let c be 138 + (-1)/(3/x). Calculate the highest common factor of a and c.
17
Let b be -2 - (-2 - 2) - -4. Let c be 5/(((-7)/2)/(-7)). Let l(p) = 2*p - 14. Let m be l(c). Calculate the greatest common factor of b and m.
6
Let d = 8 - 2. Let o be d*4/((-12)/(-9)). Let p be -7*1/((-7)/o). What is the highest common divisor of p and 36?
18
Let x(g) = g**2 + 2*g + 4. Let d be x(-3). Calculate the greatest common divisor of d and 77.
7
Suppose -2*z + 31 = -17. What is the highest common factor of 88 and z?
8
Let f(z) = 4 - 3 - 6*z**2 - z**3 + 5*z**2. Let u be f(-1). Calculate the greatest common divisor of 5 and u.
1
Let g be 104/4 - (-2 + 2). Calculate the greatest common factor of 26 and g.
26
Suppose g = -4*a - 4*g + 61, -3*a + 3*g + 12 = 0. Calculate the highest common factor of a and 207.
9
Let i = -37 + 38. Calculate the highest common factor of 1 and i.
1
Let l(v) = v**3 + 7*v**2 - 4*v - 7. Let o be l(-7). Let a = 3 + o. Calculate the highest common divisor of a and 3.
3
Let q be 2/(-7) + (-3546)/(-14). Suppose -2*i + 115 = 5*o, 7*o - 4*o = -i + 69. Calculate the greatest common divisor of q and o.
23
Let l = 31 + -19. Calculate the greatest common divisor of l and 8.
4
Suppose -4*j + 877 = 3*l - 485, 2*j - 3*l - 690 = 0. Calculate the greatest common factor of j and 38.
38
Suppose -5*q + 85 = -4*o + 19, 4*o + 46 = 3*q. Let z = 14 - q. What is the greatest common divisor of z and 4?
4
Let o(z) = 2*z + 2. Let h be o(8). Suppose -2*v + 18 = -h. Calculate the highest common divisor of v and 18.
18
Suppose 5*x + 65 = 5*v, -4*x - 9 = 2*v + x. Suppose -5*s + 60 = -s. Let a be 5/s - 191/(-3). What is the highest common divisor of a and v?
8
Let q = 16 + -12. Calculate the highest common factor of 44 and q.
4
Let c(x) = -37*x + 2. Let y be c(-6). Let r = y - 124. What is the highest common divisor of 20 and r?
20
Suppose 0 = w - 2*f - 218, 0 = -0*w + w + 2*f - 210. Let g = 314 - w. Suppose -4 = -2*j, 5*m - j = 42 + 6. Calculate the highest common factor of m and g.
10
Let b(c) = 1 + 2 - 7*c + 8*c. Let z be b(-3). Suppose -672 = -z*t - 4*t. Calculate the highest common divisor of 24 and t.
24
Let i be (-33)/(-9) + (-1)/(-3). Calculate the highest common factor of 44 and i.
4
Let m = 24 - 17. Suppose -4*t = t + 125. Let n = t - -102. Calculate the greatest common factor of n and m.
7
Let k = 216 + 97. Suppose -4*f - 4*w = -179 - 125, 0 = -4*f + 5*w + k. Let a(x) = -10*x + 127. Let d be a(12). What is the highest common factor of d and f?
7
Let y(b) = -3*b + 16. Let j be y(5). Let n be j/(-5) - 121/(-5). Calculate the highest common divisor of n and 16.
8
Let j be 3/((-6)/(-4)) + 20. Suppose 0*z = -2*z + j. What is the highest common divisor of z and 1?
1
Let p be (-3 - (-18)/3) + 17. What is the highest common factor of p and 8?
4
Suppose -2*w + 26 = 2*s, -s + 4*w = 9 + 3. Suppose 7*g = r + 2*g + 18, -16 = -4*r - 2*g. Let x = r + s. What is the highest common divisor of x and 50?
10
Let h be ((-16)/3)/(-2)*6. Let p = h + -7. Suppose 135 = v + 2*v. Calculate the greatest common divisor of v and p.
9
Let z be 1 - (-111*1 - -2). Let w be 12/3 - (-1 + 0). Suppose w*k + z = 410. What is the greatest common divisor of 15 and k?
15
Let r(f) = 6*f - 34. Let j(n) = 9*n - 51. Let v(p) = -5*j(p) + 8*r(p). Suppose 7*g - 37 - 47 = 0. Let a be v(g). What is the highest common divisor of 76 and a?
19
Suppose 3*n - 16 - 20 = 0. Calculate the greatest common factor of 60 and n.
12
Let t(r) = r**3 - 2*r**2 - 3*r - 2. Let u be t(4). Let f = u - -2. Let m be ((-15)/(-2))/(1/4). What is the highest common factor of f and m?
